se -53*g + 14*g + 23205 = 0. List the prime factors of g.
5, 7, 17
Suppose -8*i = -i - 2436. Let b = i + -234. What are the prime factors of b?
2, 3, 19
Let p = 403 - 1027. Let a = p - -925. What are the prime factors of a?
7, 43
Suppose -3*b + 56*o + 10205 = 60*o, 2*b - 4*o - 6750 = 0. List the prime factors of b.
3391
Suppose -5 = v - 2*v. Suppose -k - 1 = y - 8, -v*k - 3*y = -25. What are the prime factors of (-3 + (-145)/(-15))*39/k?
2, 5, 13
Suppose 0 = 5*i - 5*u - 2630 - 5400, -5*u = 5*i - 8030. Let z = -994 + i. List the prime factors of z.
2, 3, 17
Let c be (4 + 1)/(1 + (-4)/6). Let i be 58/8 + (1 - c/12). Suppose -i*o + 361 - 123 = 0. List the prime factors of o.
2, 17
Let n = 35 - 3. Suppose 28 = -3*p + 2*f + 128, 2*p - 70 = -2*f. Let s = p - n. List the prime factors of s.
2
Let v(l) = 2*l + 14. Let w be (-1)/(-2 + 2 + (-3)/117). What are the prime factors of v(w)?
2, 23
Let u be 2*(0 - (-6)/4). Let v be 6 + (6 - (1 + 8)). Suppose -3*w + u*q = -78 - 228, 2*q + 310 = v*w. List the prime factors of w.
2, 53
Suppose 4*b - 7071 = -b - 4*m, 5*b - 7035 = 5*m. List the prime factors of b.
17, 83
Suppose 2777 + 13519 = 8*l. List the prime factors of l.
3, 7, 97
Let a(h) = -h**3 + 6*h**2 - 6*h - 6. Let z be a(4). Let x(t) = 3*t - 27 - 11 + z*t + 11. List the prime factors of x(16).
53
Let q(a) = 8 + 3*a - 11*a - 42. Let s be (-22)/55*6/((-24)/(-100)). What are the prime factors of q(s)?
2, 23
Let s = -45446 + 89199. List the prime factors of s.
43753
Let t = 5 + 11. Suppose -t*s + 20*s = 1584. What are the prime factors of s?
2, 3, 11
Let n = -7 + 10. Suppose -2*r - 180 = -4*z, -z + 5*r = -n*z + 78. List the prime factors of -3*z/(-2)*(-2)/(-2).
2, 3, 11
Let g(s) = 17*s - 34. Let h be g(2). Suppose h = -o + 3, -1170 = -3*q - 6*o + 10*o. What are the prime factors of q?
2, 197
Let v(d) = 21*d**3 - 3*d - 2. Let n(g) = 32*g**3 - 5*g - 3. Let b(r) = -5*n(r) + 7*v(r). List the prime factors of b(-4).
19, 43
What are the prime factors of 4/(-86) + (-4447674)/(-258)?
17239
Suppose -3*s + 133 - 121 = 0. Suppose 202 = -s*t + 1498. List the prime factors of t.
2, 3
Let r(u) = u - 35. Let j be r(0). Let f be (-118)/(-5) - (4 + 154/j). Suppose 65 = -19*q + f*q. List the prime factors of q.
13
Let z be 4 + (-9 + 1)/4. Suppose -f + 5 + 7 = 2*x, -z*f + x = -19. Suppose -270 = 8*p - f*p. What are the prime factors of p?
3, 5
Let z be -5 + (7 - 5 - -1). What are the prime factors of (5*(-70)/100)/(z/644)?
7, 23
Suppose 0 = -12*g + 11*g + 2*u + 28959, -2*g - u = -57883. What are the prime factors of g?
5, 7, 827
Suppose -13*v = 41*v + 210*v - 22704. List the prime factors of v.
2, 43
Suppose 2*l = -22 - 14. Let v = l + 14. Let o(x) = -7*x - 5. List the prime factors of o(v).
23
What are the prime factors of (217657/(-66) - (-33)/(-3))*-6?
19853
Suppose -13 + 1 = 4*w, -4*i - 15 = 5*w. Let u be (i - 4/6)*(-42 - -36). List the prime factors of (-4)/(4/(-7))*36/u.
3, 7
What are the prime factors of ((-67)/7 + 9)/(2/(-22547))?
2, 3221
Suppose -6*g + 5*g = -2*w - 1347, -5*w = -4*g + 3360. Let n = w - -1191. List the prime factors of n.
5, 103
Let s(f) = 62*f + 3. Let a(c) = -c - 1. Let u be a(-2). Let l be s(u). Let n = 197 - l. List the prime factors of n.
2, 3, 11
Let x(t) = -414*t - 1700. List the prime factors of x(-12).
2, 19, 43
Let n(x) = 190*x**2 - 6*x - 9. Let j be n(-4). Suppose -j = -5*c + c - 5*v, v + 2315 = 3*c. Suppose 6 = 8*b - c. What are the prime factors of b?
97
Let r(n) = 5*n**2 - 32*n + 27. Let q(c) = 3*c**2 - 17*c + 13. Let g(a) = 7*q(a) - 4*r(a). List the prime factors of g(-20).
7, 29
Let b be (130/(-13))/(2/4). Let m be ((-18)/(-10) + 0)*b/(-6). Let q = 83 - m. List the prime factors of q.
7, 11
Let c = 263 - 260. Suppose q - 264 = h - 2*h, -c*q + 1314 = 5*h. List the prime factors of h.
3, 29
Let p be -2 - (-180)/(-3) - (-23)/23. Let a = p - -64. What are the prime factors of a?
3
List the prime factors of (-264 + 265)/((-10740)/10741 + 1).
23, 467
Suppose -3192 = -28*l + 7*l. Let g = 125 + l. List the prime factors of g.
277
What are the prime factors of (1 - 5) + -5 + 16103*1?
2, 13, 619
Suppose -33798 = -7*y - 13323. Suppose -y = -15*d - 645. List the prime factors of d.
2, 19
Let j(q) = 4*q**2 + 11*q + 18. Suppose 2*u - o = -37, -2*o - 39 = 4*u + 15. List the prime factors of j(u).
2, 433
Let q = 272 - 274. List the prime factors of 1*((-11406)/(-18) - q)*3.
1907
Let p = 79 + -104. Let n = 321 + p. List the prime factors of n.
2, 37
What are the prime factors of (-9)/(-6)*(459634/21 + 18)?
2, 7, 2347
Let j = -27417 + 51563. What are the prime factors of j?
2, 12073
Suppose 5*y = 6*d - 158218, 22*d - 21*d = 2*y + 26365. What are the prime factors of d?
3, 59, 149
Suppose -z - 3*z - 6 = j, 0 = -j + 3*z - 27. Let f(o) = -14*o + 54. List the prime factors of f(j).
2, 3, 17
Suppose -x + 13*h = 7*h - 9541, 4*x = -h + 38089. List the prime factors of x.
89, 107
Let u(z) = z**2 + 3*z - 1. Let b be u(2). Suppose 88 = 2*i + b*i. Let o(n) = -n**3 + 8*n**2 + 7*n - 15. What are the prime factors of o(i)?
41
Let m = -794 - -790. Let n(z) = -22*z**3 - 4*z**2 - 14*z - 3. What are the prime factors of n(m)?
11, 127
Let n = -17 - -20. Suppose -3*d + h + 37 = -4*h, 3*d = n*h + 45. Let y = d - -26. What are the prime factors of y?
3, 5
Suppose -6*r = -3*o - 309774, o = -4*r - 3*o + 206504. List the prime factors of r.
2, 12907
Let k(h) = -h**3 + 21*h**2 + 1221*h + 47. Let i be k(-26). Suppose -5*q = -418 - 177. Let z = q - i. List the prime factors of z.
2, 23
Let p(q) be the third derivative of -31*q**5/120 - q**4/12 + 5*q**3/2 + 6*q**2. Let x(b) be the first derivative of p(b). What are the prime factors of x(-2)?
2, 3, 5
Suppose 16*u - 220 = 12*u. Let r = u + -53. List the prime factors of 2/(12/(-9))*(-44 + r).
3, 7
Let g = -39068 + 87440. What are the prime factors of g?
2, 3, 29, 139
Let p = 3485 + -3272. What are the prime factors of p?
3, 71
What are the prime factors of 6*(2/(-2))/(3/(-1187))?
2, 1187
Let s(b) = b**3 + 3*b**2 + 3*b + 5. Let u be s(-2). Suppose u*p - 2041 - 1790 = -3*a, 2538 = 2*p - 2*a. What are the prime factors of p?
19, 67
Suppose 305831 = 45*s - 85334 - 160265. What are the prime factors of s?
2, 11, 557
Let b = -25197 + 45647. What are the prime factors of b?
2, 5, 409
Suppose 33*x + 12605 = 2*q + 32*x, 2*q = 2*x + 12600. What are the prime factors of q?
5, 13, 97
Suppose 13*b - 96 = -3*b. What are the prime factors of ((-4)/(-3) - 266/b)*-2?
2, 43
Let m = -81194 + 154802. What are the prime factors of m?
2, 3, 3067
Suppose -h + 38 = -3*y, 5*h = -4*y - 1 - 37. Let g be 2/(-12) - 2/y. Let s(j) = j + 17. What are the prime factors of s(g)?
17
Suppose 4951 - 12176 = -17*f. Let u = f + -59. What are the prime factors of u?
2, 3, 61
Let x = 23570 - 18156. List the prime factors of x.
2, 2707
Let p = -2237 - -4108. What are the prime factors of p?
1871
Suppose a = 11 + 39. Suppose -51*q = -a*q - 152. Suppose -q = -2*t + 4*i, -i - 88 = 5*t - 435. What are the prime factors of t?
2, 5, 7
Let a(d) = -313*d - 509. What are the prime factors of a(-12)?
17, 191
Suppose -3*y = v - 8, -2*v - 6 = -y - 1. What are the prime factors of -7*175/v - -7?
2, 7, 11
Suppose 0 = 2*a - 10. Suppose 432 = a*k - 713. Suppose 10 = -2*b, -3*h - k = -7*h - 3*b. List the prime factors of h.
61
Let l(h) = 14*h + h + 1 + 1. Let r(g) = g**3 + 19*g**2 + 36*g + 39. Let o be r(-17). List the prime factors of l(o).
7, 11
Suppose 40 = -4*k + 28. List the prime factors of (k + 5)/(4/10).
5
Let h = -15708 - -23211. What are the prime factors of h?
3, 41, 61
Suppose 0 = -629*c + 620*c + 30789. List the prime factors of c.
11, 311
Let i(o) = -3*o**2 - 3*o + 1. Let c be i(-4). List the prime factors of (-2910)/(c/7) - 4.
2, 17
Let k = 3079 + 395. List the prime factors of k.
2, 3, 193
Suppose 36*g - 8953 = 33*g - 2*h, 0 = 4*h - 8. List the prime factors of g.
19, 157
Let y be (-15)/(-6)*(-324)/(-135). Suppose 0 = -3*q - y, -13*q = b - 17*q - 1083. What are the prime factors of b?
5, 43
Let k = 9859 + 18600. What are the prime factors of k?
149, 191
Let s(c) = -9*c**3 - 21*c**2 - 14*c - 36. Let a be 6 + 1 + -14 - -1. List the prime factors of s(a).
2, 3, 103
Let u(t) be the first derivative of -t**4/4 + 5*t - 8. Let l be u(0). Suppose l*z - 3*w = 981, -2*z - 3*z = -